[INFO] fetching crate aws-sigv4 0.0.1...
[INFO] checking aws-sigv4-0.0.1 against master#af3c6e733a40e671550e0f0f5aeecaa13772ba56 for pr-74989
[INFO] extracting crate aws-sigv4 0.0.1 into /workspace/builds/worker-3/source
[INFO] validating manifest of crates.io crate aws-sigv4 0.0.1 on toolchain af3c6e733a40e671550e0f0f5aeecaa13772ba56
[INFO] running `Command { std: "/workspace/cargo-home/bin/cargo" "+af3c6e733a40e671550e0f0f5aeecaa13772ba56" "read-manifest" "--manifest-path" "Cargo.toml", kill_on_drop: false }`
[INFO] started tweaking crates.io crate aws-sigv4 0.0.1
[INFO] finished tweaking crates.io crate aws-sigv4 0.0.1
[INFO] tweaked toml for crates.io crate aws-sigv4 0.0.1 written to /workspace/builds/worker-3/source/Cargo.toml
[INFO] crate crates.io crate aws-sigv4 0.0.1 already has a lockfile, it will not be regenerated
[INFO] running `Command { std: "/workspace/cargo-home/bin/cargo" "+af3c6e733a40e671550e0f0f5aeecaa13772ba56" "fetch" "--locked" "--manifest-path" "Cargo.toml", kill_on_drop: false }`
[INFO] running `Command { std: "docker" "create" "-v" "/var/lib/crater-agent-workspace/builds/worker-3/target:/opt/rustwide/target:rw,Z" "-v" "/var/lib/crater-agent-workspace/builds/worker-3/source:/opt/rustwide/workdir:ro,Z" "-v" "/var/lib/crater-agent-workspace/cargo-home:/opt/rustwide/cargo-home:ro,Z" "-v" "/var/lib/crater-agent-workspace/rustup-home:/opt/rustwide/rustup-home:ro,Z" "-e" "SOURCE_DIR=/opt/rustwide/workdir" "-e" "CARGO_TARGET_DIR=/opt/rustwide/target" "-e" "CARGO_HOME=/opt/rustwide/cargo-home" "-e" "RUSTUP_HOME=/opt/rustwide/rustup-home" "-w" "/opt/rustwide/workdir" "-m" "1610612736" "--user" "0:0" "--network" "none" "rustops/crates-build-env@sha256:d92eaeed33fa75130ca1ee6c8a01d1ffb62bac859dfdfb3450e3e5d1c0146529" "/opt/rustwide/cargo-home/bin/cargo" "+af3c6e733a40e671550e0f0f5aeecaa13772ba56" "metadata" "--no-deps" "--format-version=1", kill_on_drop: false }`
[INFO] [stdout] 6afcfdab364cf2caabd5a98ab1cb3184b9cb7f909b1067bc10004dda7ba5d814
[INFO] [stderr] WARNING: Your kernel does not support swap limit capabilities or the cgroup is not mounted. Memory limited without swap.
[INFO] running `Command { std: "docker" "start" "-a" "6afcfdab364cf2caabd5a98ab1cb3184b9cb7f909b1067bc10004dda7ba5d814", kill_on_drop: false }`
[INFO] running `Command { std: "docker" "inspect" "6afcfdab364cf2caabd5a98ab1cb3184b9cb7f909b1067bc10004dda7ba5d814", kill_on_drop: false }`
[INFO] running `Command { std: "docker" "rm" "-f" "6afcfdab364cf2caabd5a98ab1cb3184b9cb7f909b1067bc10004dda7ba5d814", kill_on_drop: false }`
[INFO] [stdout] 6afcfdab364cf2caabd5a98ab1cb3184b9cb7f909b1067bc10004dda7ba5d814
[INFO] running `Command { std: "docker" "create" "-v" "/var/lib/crater-agent-workspace/builds/worker-3/target:/opt/rustwide/target:rw,Z" "-v" "/var/lib/crater-agent-workspace/builds/worker-3/source:/opt/rustwide/workdir:ro,Z" "-v" "/var/lib/crater-agent-workspace/cargo-home:/opt/rustwide/cargo-home:ro,Z" "-v" "/var/lib/crater-agent-workspace/rustup-home:/opt/rustwide/rustup-home:ro,Z" "-e" "SOURCE_DIR=/opt/rustwide/workdir" "-e" "CARGO_TARGET_DIR=/opt/rustwide/target" "-e" "CARGO_INCREMENTAL=0" "-e" "RUST_BACKTRACE=full" "-e" "RUSTFLAGS=--cap-lints=forbid" "-e" "CARGO_HOME=/opt/rustwide/cargo-home" "-e" "RUSTUP_HOME=/opt/rustwide/rustup-home" "-w" "/opt/rustwide/workdir" "-m" "1610612736" "--user" "0:0" "--network" "none" "rustops/crates-build-env@sha256:d92eaeed33fa75130ca1ee6c8a01d1ffb62bac859dfdfb3450e3e5d1c0146529" "/opt/rustwide/cargo-home/bin/cargo" "+af3c6e733a40e671550e0f0f5aeecaa13772ba56" "check" "--frozen" "--all" "--all-targets" "--message-format=json", kill_on_drop: false }`
[INFO] [stdout] 3c636227d55d39fa1c5756ba9d007f0ede9459ea6b4a742edbe71b93621b27e3
[INFO] [stderr] WARNING: Your kernel does not support swap limit capabilities or the cgroup is not mounted. Memory limited without swap.
[INFO] running `Command { std: "docker" "start" "-a" "3c636227d55d39fa1c5756ba9d007f0ede9459ea6b4a742edbe71b93621b27e3", kill_on_drop: false }`
[INFO] [stderr]    Compiling libc v0.2.68
[INFO] [stderr]    Compiling syn v1.0.17
[INFO] [stderr]     Checking cfg-if v0.1.10
[INFO] [stderr]     Checking lazy_static v1.4.0
[INFO] [stderr]     Checking tower-layer v0.3.0
[INFO] [stderr]     Checking futures-task v0.3.4
[INFO] [stderr]    Compiling bitflags v1.2.1
[INFO] [stderr]     Checking percent-encoding v1.0.1
[INFO] [stderr]     Checking spin v0.5.2
[INFO] [stderr]     Checking untrusted v0.7.0
[INFO] [stderr]     Checking hex v0.4.2
[INFO] [stderr]     Checking eliza_error v0.99.1
[INFO] [stderr]    Compiling num-traits v0.2.11
[INFO] [stderr]    Compiling num-integer v0.1.42
[INFO] [stderr]    Compiling ring v0.16.12
[INFO] [stderr]     Checking log v0.4.8
[INFO] [stderr]     Checking memchr v2.3.3
[INFO] [stderr]     Checking tracing-core v0.1.10
[INFO] [stderr]     Checking idna v0.1.5
[INFO] [stderr]     Checking futures-util v0.3.4
[INFO] [stderr]     Checking want v0.3.0
[INFO] [stderr]     Checking url v1.7.2
[INFO] [stderr]     Checking iovec v0.1.4
[INFO] [stderr]     Checking net2 v0.2.33
[INFO] [stderr]     Checking num_cpus v1.12.0
[INFO] [stderr]     Checking signal-hook-registry v1.2.0
[INFO] [stderr]     Checking openssl-sys v0.9.55
[INFO] [stderr]     Checking time v0.1.42
[INFO] [stderr]     Checking mio v0.6.21
[INFO] [stderr]     Checking chrono v0.4.11
[INFO] [stderr]     Checking openssl v0.10.29
[INFO] [stderr]     Checking mio-uds v0.6.7
[INFO] [stderr]     Checking native-tls v0.2.4
[INFO] [stderr]    Compiling tokio-macros v0.2.5
[INFO] [stderr]    Compiling pin-project-internal v0.4.8
[INFO] [stderr]    Compiling tracing-attributes v0.1.7
[INFO] [stderr]    Compiling serde_derive v1.0.106
[INFO] [stderr]     Checking tokio v0.2.17
[INFO] [stderr]     Checking tracing v0.1.13
[INFO] [stderr]     Checking pin-project v0.4.8
[INFO] [stderr]     Checking tower-discover v0.3.0
[INFO] [stderr]     Checking tower-load-shed v0.3.0
[INFO] [stderr]     Checking tower-util v0.3.1
[INFO] [stderr]     Checking tokio-util v0.3.1
[INFO] [stderr]     Checking tower-load v0.3.0
[INFO] [stderr]     Checking tower-buffer v0.3.0
[INFO] [stderr]     Checking tower-retry v0.3.0
[INFO] [stderr]     Checking tower-timeout v0.3.0
[INFO] [stderr]     Checking tokio-tls v0.3.0
[INFO] [stderr]     Checking tower-limit v0.3.1
[INFO] [stderr]     Checking h2 v0.2.4
[INFO] [stderr]     Checking tower v0.3.1
[INFO] [stderr]     Checking serde v1.0.106
[INFO] [stderr]     Checking hyper v0.13.4
[INFO] [stderr]     Checking hyper-tls v0.4.1
[INFO] [stderr]     Checking serde_urlencoded v0.5.5
[INFO] [stderr]     Checking serde_json v1.0.51
[INFO] [stderr]     Checking aws-sigv4 v0.0.1 (/opt/rustwide/workdir)
[INFO] [stdout] error[E0433]: failed to resolve: use of undeclared type or module `sigv4`
[INFO] [stdout]   --> examples/dynamodb.rs:14:5
[INFO] [stdout]    |
[INFO] [stdout] 14 | use sigv4::service::{SignAndPrepareLayer, SignAndPrepare};
[INFO] [stdout]    |     ^^^^^ use of undeclared type or module `sigv4`
[INFO] [stdout] 
[INFO] [stdout] 
[INFO] [stdout] error[E0432]: unresolved import `sigv4`
[INFO] [stdout]   --> examples/dynamodb.rs:13:5
[INFO] [stdout]    |
[INFO] [stdout] 13 | use sigv4::{Credentials, Region, RequestExt, SignedService, X_AMZ_TARGET};
[INFO] [stdout]    |     ^^^^^ use of undeclared type or module `sigv4`
[INFO] [stdout] 
[INFO] [stdout] 
[INFO] [stdout] error[E0432]: unresolved import `sigv4`
[INFO] [stdout]  --> examples/ec2.rs:7:5
[INFO] [stdout]   |
[INFO] [stdout] 7 | use sigv4::{sign, Credentials, Region, RequestExt, SignedService};
[INFO] [stdout]   |     ^^^^^ use of undeclared type or module `sigv4`
[INFO] [stdout] 
[INFO] [stdout] 
[INFO] [stdout] error[E0412]: cannot find type `SignAndPrepare` in this scope
[INFO] [stdout]    --> examples/dynamodb.rs:209:10
[INFO] [stdout]     |
[INFO] [stdout] 209 |     svc: SignAndPrepare<Client<hyper_tls::HttpsConnector<HttpConnector>, Body>>,
[INFO] [stdout]     |          ^^^^^^^^^^^^^^ not found in this scope
[INFO] [stdout]     |
[INFO] [stdout] help: consider importing this struct
[INFO] [stdout]     |
[INFO] [stdout] 1   | use aws_sigv4::service::SignAndPrepare;
[INFO] [stdout]     |
[INFO] [stdout] 
[INFO] [stdout] 
[INFO] [stdout] error[E0422]: cannot find struct, variant or union type `SignAndPrepareLayer` in this scope
[INFO] [stdout]    --> examples/dynamodb.rs:220:20
[INFO] [stdout]     |
[INFO] [stdout] 220 |             .layer(SignAndPrepareLayer { credentials })
[INFO] [stdout]     |                    ^^^^^^^^^^^^^^^^^^^ not found in this scope
[INFO] [stdout]     |
[INFO] [stdout] help: consider importing this struct
[INFO] [stdout]     |
[INFO] [stdout] 1   | use aws_sigv4::service::SignAndPrepareLayer;
[INFO] [stdout]     |
[INFO] [stdout] 
[INFO] [stdout] 
[INFO] [stdout] error[E0599]: no method named `set_service` found for struct `Request<bytes::Bytes>` in the current scope
[INFO] [stdout]   --> examples/ec2.rs:36:9
[INFO] [stdout]    |
[INFO] [stdout] 36 |     req.set_service(SignedService::new("ec2"));
[INFO] [stdout]    |         ^^^^^^^^^^^ method not found in `Request<bytes::Bytes>`
[INFO] [stdout]    |
[INFO] [stdout]    = help: items from traits can only be used if the trait is in scope
[INFO] [stdout] help: the following trait is implemented but not in scope; perhaps add a `use` for it:
[INFO] [stdout]    |
[INFO] [stdout] 1  | use aws_sigv4::RequestExt;
[INFO] [stdout]    |
[INFO] [stdout] 
[INFO] [stdout] 
[INFO] [stdout] error[E0599]: no method named `set_region` found for struct `Request<bytes::Bytes>` in the current scope
[INFO] [stdout]   --> examples/ec2.rs:37:9
[INFO] [stdout]    |
[INFO] [stdout] 37 |     req.set_region(Region::new("us-east-1"));
[INFO] [stdout]    |         ^^^^^^^^^^ method not found in `Request<bytes::Bytes>`
[INFO] [stdout]    |
[INFO] [stdout]    = help: items from traits can only be used if the trait is in scope
[INFO] [stdout] help: the following trait is implemented but not in scope; perhaps add a `use` for it:
[INFO] [stdout]    |
[INFO] [stdout] 1  | use aws_sigv4::RequestExt;
[INFO] [stdout]    |
[INFO] [stdout] 
[INFO] [stdout] 
[INFO] [stdout] error: aborting due to 3 previous errors
[INFO] [stdout] 
[INFO] [stdout] 
[INFO] [stdout] Some errors have detailed explanations: E0432, E0599.
[INFO] [stdout] 
[INFO] [stdout] For more information about an error, try `rustc --explain E0432`.
[INFO] [stdout] 
[INFO] [stderr] error: could not compile `aws-sigv4`.
[INFO] [stderr] 
[INFO] [stderr] To learn more, run the command again with --verbose.
[INFO] [stderr] warning: build failed, waiting for other jobs to finish...
[INFO] [stdout] error[E0599]: no method named `set_service` found for struct `Request<bytes::Bytes>` in the current scope
[INFO] [stdout]    --> examples/dynamodb.rs:108:13
[INFO] [stdout]     |
[INFO] [stdout] 108 |         req.set_service(SignedService::new("dynamodb"));
[INFO] [stdout]     |             ^^^^^^^^^^^ method not found in `Request<bytes::Bytes>`
[INFO] [stdout]     |
[INFO] [stdout]     = help: items from traits can only be used if the trait is in scope
[INFO] [stdout] help: the following trait is implemented but not in scope; perhaps add a `use` for it:
[INFO] [stdout]     |
[INFO] [stdout] 1   | use aws_sigv4::RequestExt;
[INFO] [stdout]     |
[INFO] [stdout] 
[INFO] [stdout] 
[INFO] [stdout] error[E0599]: no method named `set_region` found for struct `Request<bytes::Bytes>` in the current scope
[INFO] [stdout]    --> examples/dynamodb.rs:109:13
[INFO] [stdout]     |
[INFO] [stdout] 109 |         req.set_region(region);
[INFO] [stdout]     |             ^^^^^^^^^^ method not found in `Request<bytes::Bytes>`
[INFO] [stdout]     |
[INFO] [stdout]     = help: items from traits can only be used if the trait is in scope
[INFO] [stdout] help: the following trait is implemented but not in scope; perhaps add a `use` for it:
[INFO] [stdout]     |
[INFO] [stdout] 1   | use aws_sigv4::RequestExt;
[INFO] [stdout]     |
[INFO] [stdout] 
[INFO] [stdout] 
[INFO] [stdout] warning: unused import: `Service`
[INFO] [stdout]   --> examples/dynamodb.rs:11:13
[INFO] [stdout]    |
[INFO] [stdout] 11 | use tower::{Service, builder::ServiceBuilder};
[INFO] [stdout]    |             ^^^^^^^
[INFO] [stdout]    |
[INFO] [stdout]    = note: `#[warn(unused_imports)]` on by default
[INFO] [stdout] 
[INFO] [stdout] 
[INFO] [stdout] error: aborting due to 6 previous errors; 1 warning emitted
[INFO] [stdout] 
[INFO] [stdout] 
[INFO] [stdout] Some errors have detailed explanations: E0412, E0422, E0432, E0433, E0599.
[INFO] [stdout] 
[INFO] [stdout] For more information about an error, try `rustc --explain E0412`.
[INFO] [stdout] 
[INFO] [stderr] error: build failed
[INFO] running `Command { std: "docker" "inspect" "3c636227d55d39fa1c5756ba9d007f0ede9459ea6b4a742edbe71b93621b27e3", kill_on_drop: false }`
[INFO] running `Command { std: "docker" "rm" "-f" "3c636227d55d39fa1c5756ba9d007f0ede9459ea6b4a742edbe71b93621b27e3", kill_on_drop: false }`
[INFO] [stdout] 3c636227d55d39fa1c5756ba9d007f0ede9459ea6b4a742edbe71b93621b27e3
